 + 1814368. Calculate s(-4).
4
Let c(j) = j**2 + 1355*j + 119994. Calculate c(-96).
-870
Let k(w) = -5*w**3 + 128*w**2 - 55*w + 2644. Determine k(26).
-138
Let y(m) = -784*m + 75359. Determine y(95).
879
Let a(k) = -k**3 + 20*k**2 + 250. Give a(10).
1250
Let j(y) = -2*y**3 + 59*y**2 - 168*y + 24. Determine j(3).
-3
Let m(q) = q**3 + 136*q**2 + 2658*q + 6632. What is m(-113)?
-35
Let v(g) = -g**3 - 194*g**2 + 9091*g + 920. Give v(-233).
-12
Let r(m) = -m**3 - 10*m**2 + 92*m + 492. Give r(-14).
-12
Let z(p) = p**3 + 181*p**2 - 242*p - 11082. Calculate z(-182).
-162
Let z(m) = -32955*m + 99021. Calculate z(3).
156
Let f(y) = 14*y**2 + 8321*y + 11260. Calculate f(-593).
-7
Let k(o) = 63*o + 11579. Calculate k(-184).
-13
Let g(f) = -3409*f + 494361. Calculate g(145).
56
Let h(y) = y**2 - 115*y + 2995. Calculate h(100).
1495
Let q(v) = 918*v + 1866. Determine q(-2).
30
Let o(r) = -20716*r + 1657275. Calculate o(80).
-5
Let i(j) = -30*j**2 + 377*j - 1124. Determine i(3).
-263
Let x(y) = -y**2 + 122*y + 1321. Determine x(133).
-142
Let l(v) = v**3 - 79*v**2 + 881*v - 62665. Calculate l(78).
-31
Let y(r) = -17*r**2 + 5995*r - 3903. Give y(352).
-31
Let j(m) = -5657*m + 24788. Calculate j(5).
-3497
Let d(j) = -2*j**2 - 3778*j - 11315. Determine d(-3).
1
Let n(w) = -6*w**3 - w**2 + 5831*w - 5830. What is n(1)?
-6
Let d(r) = -25536*r - 3064313. Calculate d(-120).
7
Let s(n) = -5*n**3 - 26*n**2 - 137*n + 30. What is s(-7)?
1430
Let y(x) = 221776*x + 2661310. Calculate y(-12).
-2
Let x(l) = 73*l**2 - 1082*l - 203. Give x(15).
-8
Let d(x) = x**2 + 564*x - 3986. Determine d(7).
11
Let p(z) = 2*z**2 - 98*z - 1981. Calculate p(-35).
3899
Let s(j) = 6*j**3 - 13*j**2 + 9*j - 39. Determine s(9).
3363
Let d(f) = -281620*f + 1408116. What is d(5)?
16
Let b(v) = 6562*v + 72466. What is b(-11)?
284
Let o(u) = -u**3 - 56*u**2 + 4237*u + 237235. Calculate o(-56).
-37
Let l(t) = -t**2 + 1441*t - 469200. Calculate l(944).
-32
Let r(h) = -h**3 + h**2 - 42*h + 266. Calculate r(4).
50
Let s(a) = -a**3 - 28*a**2 - 166*a - 3293. Determine s(-25).
-1018
Let n(y) = -2059*y + 80064. Give n(39).
-237
Let t(m) = 4*m**3 - 57*m**2 - 42*m + 723. What is t(13)?
-668
Let g(u) = -8062*u - 177371. Determine g(-22).
-7
Let c(g) = 18*g**2 + 240*g - 1788. Give c(7).
774
Let o(c) = -c**3 - 26*c**2 + 28*c - 284. Give o(-27).
-311
Let z(d) = -21*d - 1820. Determine z(-91).
91
Let p(g) = 9*g**2 - 137*g - 205. Give p(-12).
2735
Let k(x) = -13*x**2 + 102*x - 676. Calculate k(6).
-532
Let q(p) = -38533*p + 91438812. Calculate q(2373).
3
Let i(g) = 310*g + 7880. Calculate i(-26).
-180
Let v(t) = -t**3 - 117*t**2 + 617*t + 30973. Calculate v(-120).
133
Let z(w) = 2*w**2 + 1306*w + 186989. Calculate z(-212).
5
Let a(r) = 3*r**3 + 333*r**2 - 3242*r - 289. Determine a(-120).
-49
Let r(d) = d**3 + 160*d**2 - 1173*d + 265. Calculate r(-167).
933
Let j(b) = 14*b**3 + 21*b**2 + 88*b + 52. What is j(-3)?
-401
Let r(q) = -2*q**3 + 1822*q**2 + 41047*q + 4698. Calculate r(933).
33
Let o(g) = g**2 - 67*g - 1476. What is o(-17)?
-48
Let m(o) = -o**2 + 33*o + 51191. What is m(-209)?
613
Let s(u) = -u**3 + 44*u**2 - 2*u - 458. Determine s(44).
-546
Let j(v) = -22*v - 2078. What is j(-95)?
12
Let n(o) = o**2 + 1772*o + 105728. Determine n(-62).
-292
Let o(x) = 14160*x + 28344. What is o(-2)?
24
Let j(m) = -418*m - 4947. What is j(-12)?
69
Let l(p) = -81821*p - 163744. Give l(-2).
-102
Let h(y) = y**2 - 4990*y + 24917. What is h(5)?
-8
Let n(m) = 3012*m + 250099. Determine n(-83).
103
Let j(l) = 5*l**2 - 54*l + 632. Calculate j(-22).
4240
Let o(c) = 40529*c + 526884. What is o(-13)?
7
Let t(h) = -h**3 - 13*h**2 - 76*h - 2985. Calculate t(-18).
3
Let h(t) = -66710*t + 5670357. Give h(85).
7
Let f(j) = -j**3 - 4*j**2 + 339*j + 1393. What is f(-4)?
37
Let q(b) = -1408*b - 87666. Give q(-62).
-370
Let x(u) = u**3 - 2143*u**2 + 50862*u - 172. What is x(24)?
-28
Let c(p) = 2*p**3 - 31*p**2 - 352*p + 4708. Determine c(18).
-8
Let o(f) = 142*f**2 - 16474*f + 274. What is o(116)?
42
Let k(m) = 5*m**2 - 84*m - 1906. Calculate k(-19).
1495
Let i(b) = 4*b**2 + 24*b - 2509. Determine i(22).
-45
Let q(f) = -2*f**2 + 464*f - 5301. What is q(12)?
-21
Let g(x) = x**3 + 157*x**2 + 3794*x - 69030. Determine g(-48).
-6
Let d(h) = -5*h**2 + 1535*h + 3102. Give d(-2).
12
Let h(v) = 366*v**3 - 4*v**2 + 90*v + 94. Determine h(-1).
-366
Let t(r) = -r**3 + 82*r**2 - 1615*r - 145. Determine t(49).
-47
Let l(u) = 37*u**2 - 100*u - 508. Determine l(-6).
1424
Let y(m) = 4520*m + 13590. Calculate y(-3).
30
Let j(o) = 2*o**2 + 797*o - 287395. Give j(229).
0
Let w(i) = 2*i**3 + 41*i**2 + 575*i + 12635. Give w(-21).
119
Let v(t) = -38*t**2 - 4410*t - 226. Calculate v(-116).
6
Let h(o) = -42*o**3 - 18*o**2 - 20*o - 7. Calculate h(-2).
297
Let d(j) = 5*j**2 + 1585*j + 4724. Calculate d(-3).
14
Let r(h) = -h**3 + 10*h**2 + 1904*h - 22792. Calculate r(12).
-232
Let d(z) = 7*z**3 - 95*z**2 + 193*z - 727. Give d(12).
5
Let a(u) = -14*u**3 - 75*u**2 + 253*u + 1403. What is a(-5)?
13
Let h(a) = -111070*a + 4664940. Give h(42).
0
Let x(k) = -78*k**3 + 2*k**2 + 71*k - 163. What is x(2)?
-637
Let x(a) = -a**3 + 44*a**2 - 466*a + 860. Calculate x(29).
-39
Let y(r) = 2*r**3 - 10*r + 10. Calculate y(8).
954
Let q(t) = -9*t**2 + 8075*t - 33939. What is q(893)?
-5
Let h(n) = -2*n**2 + 8971*n + 444352. What is h(-49)?
-29
Let z(p) = 2*p**3 + 97*p**2 + 1131*p - 702. Calculate z(-22).
68
Let w(p) = -8399*p - 142160. Give w(-17).
623
Let y(k) = -31*k**3 - 2291*k**2 + 339*k + 8657. Give y(-74).
-1
Let x(n) = -94204*n + 4615996. What is x(49)?
0
Let r(z) = 2*z**3 + 84*z**2 - 695*z - 272. Give r(-49).
169
Let z(j) = -62*j - 1407. What is z(-17)?
-353
Let h(g) = 38*g**3 + 878*g**2 + 118*g + 54. What is h(-23)?
-544
Let q(l) = l**2 - 75*l - 4848. Determine q(96).
-2832
Let d(b) = 14*b**2 - 7761*b - 20613. Determine d(557).
-4
Let d(s) = s**3 + 15*s**2 + 262*s + 860. Give d(-4).
-12
Let t(n) = 29828*n - 149142. What is t(5)?
-2
Let f(a) = -54*a**2 - 364*a - 3004. Give f(-8).
-3548
Let f(p) = p**3 - 53*p**2 + 6*p - 262. Give f(53).
56
Let v(d) = -319*d - 7128. What is v(-28)?
1804
Let w(u) = -u**2 + 16904*u - 1680409. Calculate w(100).
-9
Let h(x) = -115716*x - 462970. Determine h(-4).
-106
Let u(y) = 7858011*y + 23574032. Give u(-3).
-1
Let x(o) = 3*o**3 + 5*o**2 - 202*o - 744. Calculate x(-5).
16
Let d(h) = -26*h**2 + 13273*h + 6687. Calculate d(511).
44
Let o(m) = -m**3 - 34*m**2 + 626*m - 24. What is o(14)?
-668
Let p(l) = -3*l**2 - 492*l + 9822. What is p(-182)?
-6
Let d(v) = -v**2 + 1355*v - 28067. Determine d(21).
-53
Let c(o) = 2416*o + 4630. Calculate c(-3).
-2618
Let s(f) = 16*f**2 - 425*f + 447. Calculate s(29).
1578
Let z(x) = 2*x**2 + 149*x + 3485. What is z(-39)?
716
Let m(k) = -2*k**2 + 190140*k + 1521235. Give m(-8).
-13
Let v(l) = 6*l**3 + 20*l**2 - 53*l + 22. Determine v(-8).
-1346
Let d(m) = 2*m**3 + 194*m**2 + 88*m + 8245. Give d(-97).
-291
Let g(s) = -5*s**3 + 250*s**2 - 29*s + 1423. What is g(50)?
-27
Let k(l) = -7*l**2 + 463*l - 728. Determine k(65).
-208
Let u(l) = 1684*l - 492. Calculate u(1).
1192
Let d(f) = 10658*f + 1097754. What is d(-103)?
-20
Let o(c) = -4603*c - 929803. Calculate o(-202).
3
Let r(z) = -z**3 - 99*z**2 + 296*z + 19655. Give r(-100).
55
Let k(d) = -d**2 - 126*d + 14387. What is k(73)?
-140
Let v(z) = 53*z**2 - 10805*z + 10807. Determine v(1).
55
Let p(j) = 49561*j + 14818757. Determine p(-299).
18
Let z(u) = u**3 - 19*u**2 - 145*u - 145. Calculate z(25).
-20
Let r(z) = -6851*z - 2850022. Determine r(-416).
-6
Let i(d) = d**2 + 22*d - 21215. Determine i(-144).
-3647
Let l(o) = 224374*o - 1346199. What is l(6)?
45
Let v(z) = -2*z**3 - 151*z**2 - 2473*z - 4661. Give v(-53).
3
Let h(z) = -37135*z + 148550. Give h(4).
10
Let l(g) = -3*g**2 + 586*g + 43747. What is l(-57)?
598
Let l(d) = -1399*d**3 - 17*d**2 - 18*d - 2. Give l(-1).
1398
Let v(y) = -15*y**3 - 223*y**2 + 1298*y + 19007. Calculate v(-15).
-13
Let x(i) = -2*i**3 - 221*i**2 - 1269*i - 103. What is x(-6)?
-13
Let x(o) = 18*o + 2722. Determine x(-236).
-1526
Let v(i) = i**3 - 13*i**2 + 120*i - 1716. Determine v(13).
-156
Let s(o) = o**2 - 8252*o - 852177. What is s(-102)?
-69
Let n(o) = 2589*o + 365142. Give n(-141).
93
Let x(d) = -56*d**2 - 544*d - 2741. What is x(-5)?
-1